**2 - 2*x - 2. Let j(m) = -3*k(m) + 7*u(m). Determine j(q).
-7
Let r(w) = -w**3 - 3*w**2 + 2*w - 4. Let a(g) = g**3 - 7*g**2 + 7*g - 10. Let f be a(6). What is r(f)?
4
Let g(z) = z**3 + 4*z**2 - 1. Let m = 5 + -1. Let u = 13 - m. Suppose -2*n - 2*n = -5*y - 15, -n - u = 3*y. Give g(y).
8
Let n(f) = -f**2 + 8*f + 9. Let t be ((-1)/(6/(-7)))/((-3)/(-18)). Calculate n(t).
16
Let q be (0 - 0)/(-3 + 2). Suppose -u + 0*u = q. Let y(g) = g**3 + g**2 + g - 4. Determine y(u).
-4
Let y(m) = 8*m - 1. Let n be (-1)/(10/(-4))*-15. Let i be (14 - 0)*3/n. Let l = i + 8. Give y(l).
7
Let r(i) = -i**2 + 4*i - 3. Let d be ((-150)/40)/(2/(-8)). Suppose 2*t + d = 7*t. What is r(t)?
0
Let q(u) = -u + 2. Let g(i) = 1. Let c(s) = 3*g(s) + q(s). Let x(n) = -n + 4. Let z be x(4). What is c(z)?
5
Let w be 1 - ((-2)/(-4) + (-13)/2). Let j(u) = -u + 5. Calculate j(w).
-2
Let s(a) = 3 - 3 + 43*a**2 - 42*a**2 + 3*a. Determine s(-4).
4
Suppose 0 = -31*v + 7*v. Let a(k) = 2*k - 5. Calculate a(v).
-5
Let o(w) = w**2 + 11*w - 26. Let a be o(-13). Let j(f) be the third derivative of 1/24*f**6 + 3*f**2 - 1/60*f**5 + 0*f**4 + 0*f**3 + a + 0*f. Determine j(1).
4
Let p(m) = -m**3 - 5*m**2 + 7*m + 2. Let k = -23 + 17. What is p(k)?
-4
Let y(f) be the first derivative of 3/2*f**2 - f + 2*f**3 + 1/4*f**4 + 2. Calculate y(-5).
9
Let r(d) = 14 - 55*d**2 + 109*d**2 - 53*d**2. Give r(0).
14
Let t be (-2 - -3)/(2 - 1). Let d(y) = 2 + t - 2 - 4 - 3*y. What is d(-3)?
6
Let d be 2/2*(-3 + 0). Let i(l) = -l**3 - 2*l**2 + 4*l + 3. Calculate i(d).
0
Let x(l) be the second derivative of 0 - 1/12*l**4 - 5*l + 1/20*l**5 + 1/6*l**3 - 5/2*l**2. Calculate x(0).
-5
Suppose -2*h = -h + 2. Let g(x) be the second derivative of x**5/20 + x**4/12 + x**3/3 + x**2 - 4*x. What is g(h)?
-6
Let x be (36/2)/3 - 4. Let j(i) = 2*i**2 - 2*i + 3. Give j(x).
7
Let m(c) be the third derivative of -c**4/24 + c**3/6 - 8*c**2. Let b(y) = y**3 - 6*y**2 + 1. Let u be b(6). What is m(u)?
0
Let r(n) = -n**3 - 4*n**2 - 2*n - 4. Let q be r(-4). Suppose -q*u + 0*u = 16. Let g(w) = -w**2 - 3*w - 5. Calculate g(u).
-9
Let v(f) = -f**3 - 8*f**2 - 8*f - 10. Let r be v(-7). Let g(k) = -2*k**2 - 5*k - 4. Give g(r).
-7
Let k = -6 + 1. Let j(f) = f. Give j(k).
-5
Let z(w) = -7 - 5*w**2 + 2 + 5*w + 6*w**2. Determine z(-6).
1
Let m(w) = -w + 6. Let j(n) = 4*n - 19. Let h(g) = -2*j(g) - 7*m(g). Let o be (-2)/8 + 118/(-8). Let a = 9 + o. Determine h(a).
2
Let z(v) = v**2 + v + 2. Let i(g) = g**2 - 8*g + 8. Let k be i(6). Let y(t) = 3*t**3 - t. Let c be y(1). Let f = k + c. Give z(f).
4
Let k(j) be the first derivative of -j**2 - j + 5. Give k(-3).
5
Let o(p) be the first derivative of -p**4/4 - p**2/2 + p + 2. Let m(v) = 11*v**3 - 5*v + 4. Let f(l) = m(l) - 4*o(l). Calculate f(-1).
-14
Let n(g) = g**3 - 3*g**2 + 3*g - 1. Let p be n(2). Suppose 5*i + p = -14. Let f(b) = -2*b - 3. Give f(i).
3
Let d be 18/8 + 1/(-4). Suppose 6 = d*q + q. Let r(n) = -n**3 + 2*n - 3. Determine r(q).
-7
Let p be (-164)/(-52) + (-4)/26. Let r(q) = 0*q**p - 5*q**3 - 5*q**2 + q**2 + 3 + 4*q**3. Determine r(-4).
3
Let s(g) = -1. Let v = -5 + 0. Let x(b) = 3*b + 10. Let l(u) = v*s(u) - x(u). Let j(p) = -p - 2. Let w be j(2). Determine l(w).
7
Let t(w) = 2*w + 2. Suppose -2*h + 4*h = -3*l - 7, 4*h = l - 7. Determine t(h).
-2
Let d(f) be the third derivative of f**5/60 - f**4/24 - f**3/6 + 3*f**2 - 2. What is d(-3)?
11
Let x(c) be the second derivative of c**4/12 + c**3/6 - 2*c**2 + c. Let a be 50/18 - 2/(-9). Give x(a).
8
Let o(d) be the first derivative of -d**4/4 - 4*d**3/3 + 5*d**2/2 + 2*d - 7. What is o(-5)?
2
Let f(z) = -5 - 2*z - 2*z**2 - 7*z + z**2. Let j be f(-8). Let k = j + -1. Let i(d) = 2*d + 2. Calculate i(k).
6
Let n(b) = 20*b - 24. Let x(k) = -k + 1. Let h = -2 + 3. Let g(r) = h*n(r) + 24*x(r). Determine g(1).
-4
Suppose 3*a = -4*a - 49. Let j(s) = -2*s - 2. Let q be j(-5). Let u = a + q. Let k(n) = n - 1. Determine k(u).
0
Let y(p) = 10 - 9 - 3 - 2*p**2. Give y(-2).
-10
Suppose 6*r = r + 10. Let b(g) = -g + 1. Let o be b(r). Let k(a) = -5 + 5 + a + 2*a. Give k(o).
-3
Let c = 65 + -65. Let y(p) be the second derivative of 0*p**3 - 1/12*p**4 + 1/2*p**2 + c + p. Determine y(-2).
-3
Let p(u) = u**2 - 6*u. Suppose -f + w = -6*f + 35, 3*w - 45 = -5*f. Suppose -4*d - f = -2. Let l be -1 + d - (-1 + -6). Determine p(l).
-5
Let r(w) = -18*w + 1 - 2 - 23*w + 43*w. Let h be 0 + 0/2 - -2. Give r(h).
3
Let h(j) = -j**3 + 2*j**2 + 3*j + 4. Let m(x) = -5 - x**2 + 1 + 3. Let c(i) = -h(i) - m(i). Suppose 2*o = -o + 9. What is c(o)?
6
Let n(t) = -2*t + 20. Let j(k) = -k + 10. Let s(w) = -7*j(w) + 3*n(w). Calculate s(5).
-5
Let g(u) = 2*u**2 + u. Let y(n) = 2*n**2 - 6. Let h be y(-2). Calculate g(h).
10
Let v(z) be the second derivative of z**3/2 + z**2/2 + 5*z. What is v(2)?
7
Let h(p) be the second derivative of -p**4/12 + p**3/2 - 25*p. Give h(4).
-4
Let s(u) be the third derivative of u**4/24 - u**3/6 - 5*u**2. What is s(6)?
5
Let u(s) be the second derivative of s**5/120 + s**4/12 - s**3/3 - 3*s. Let x(y) be the second derivative of u(y). Give x(-5).
-3
Let n(l) = l. Let q be n(2). Suppose q*b + 1 = -11. Let j(z) = -z - 6. Let t be j(b). Let c(d) = -d - 1. Determine c(t).
-1
Let s(b) = -b**3 - b**2 + 2*b - 1. Suppose 0 = -3*t + 3. Give s(t).
-1
Let q(k) = -5*k**2 + 4*k - 2. Let i(m) = -2 - 4*m**2 + 0*m + 0*m + 3*m. Let n(p) = 3*i(p) - 2*q(p). Let l(a) be the first derivative of n(a). Give l(1).
-3
Suppose 7 = 4*w + 19, -2*w = -4*n - 22. Let h(c) = c**3 + 8*c**2 + 6*c - 8. Determine h(n).
-1
Let h = 28 + -20. Let v(n) = 2*n - 1. What is v(h)?
15
Let y be ((-45)/(-10))/(-3)*(3 + -1). Let q(u) be the second derivative of -u**4/12 - u**3/2 - u. Give q(y).
0
Let u be (-4 - 0) + 10/1. Let l(x) = x**3 - 7*x**2 + 7*x - 8. Give l(u).
-2
Let c(u) = -2 - 7*u + 7*u**2 + 25*u - 24*u - u**3. Suppose 4*v + 2*g = 20, 5*v - 34 = 2*g - 0*g. What is c(v)?
-2
Let i(s) be the first derivative of -s**3/3 - s**2 + 5*s + 3. What is i(-4)?
-3
Let n = -17 - -27. Suppose 2*h + 0 = n. Suppose 0 = 2*g + 2, p + g = h*p + 3. Let l(j) = j - 1. Determine l(p).
-2
Let p(k) be the third derivative of -1/12*k**4 + 0*k**3 + 0 - 1/120*k**6 + 1/15*k**5 + 0*k - k**2. Let s be 4/(-6) - (-11)/3. Determine p(s).
3
Let c(u) be the second derivative of u**4/12 + u**3/3 - u**2/2 + u. Let s = -66 - -68. What is c(s)?
7
Let o = -1 + -1. Let i be (o/4)/1*-2. Let n(a) = 0*a - i + 5*a + 0*a + a**2. Give n(-5).
-1
Let g(w) = -w**3 - 6*w**2 + w + 4. Let h be (1 - (4 - 3))/(-1). Suppose -5*s - 10 - 20 = h. What is g(s)?
-2
Let p(n) be the third derivative of n**5/60 - n**3/2 - 55*n**2. What is p(0)?
-3
Let k(z) = -5*z - 1. Let r(n) = -n**2 + 8*n + 10. Let j be r(9). Let y be j/4 + 6/8. Determine k(y).
-6
Let n be -1 - -9 - (30 + -28). Let l(q) = -6 + 7*q + 0*q**2 - q**2 + 0*q**2. Give l(n).
0
Let x(l) be the second derivative of l**4/4 - l**3/2 - 2*l. Let y = -95 + 97. Calculate x(y).
6
Let w(n) = n - 5. Let q(r) = r**3 + 6*r**2 - 10*r - 9. Let y be q(-7). Let d = y + -8. Calculate w(d).
-1
Suppose -6*a + 3*a = 0. Let g(k) = k + 5 + a*k + 2*k. Give g(-4).
-7
Let u(t) be the third derivative of t**6/120 - t**5/20 + t**4/12 - 2*t**3/3 - t**2 - 1. Give u(3).
2
Suppose 3*k - 10 = -4*u - 0, -3*k = 2*u - 14. Let y(c) = c**2 - 6*c + 2. Determine y(k).
2
Suppose q - 18 = 3*x - 4*x, 2*q - 39 = -5*x. Suppose 3*u - 2*l = q, -4*l - 11 - 18 = -5*u. Let v(s) = 2*s - 5*s - u + 4. Give v(2).
-7
Let x(h) = 3*h**2 - 4 + 5 + h**3 + 0 - h. Calculate x(-3).
4
Let r(j) = 17*j**3 + j + 7*j**2 + 3*j**2 - 12*j**2. What is r(1)?
16
Let s(g) be the second derivative of g**6/120 - g**5/30 - 2*g**2 - g. Let i(f) be the first derivative of s(f). Determine i(2).
0
Let r = 0 + -1. Let m(v) = -122*v + 52*v + 60*v. Determine m(r).
10
Let x = 70 - 76. Let f(q) = q**2 + 8*q + 2. Determine f(x).
-10
Let p(y) = 2*y - 3. Let k = 24 + -11. Suppose 5*w - 5 = 4*q + q, -w - 5*q = -k. Let o be p(w). Let m(r) = -r**3 + r**2 + 4*r - 4. Calculate m(o).
-10
Let p(f) be the first derivative of f**2/2 - 6*f - 4. Give p(-7).
-13
Suppose 2 = 4*s - 2. Let f(k) = -9 + 7 - 11*k + 3. Determine f(s).
-10
Suppose 4*f - 22 = 6. Let a(q) = -2*q - 1. Calculate a(f).
-15
Let q be -4 + (-6)/(-2) - 0. Let r(f) = -9*f - 2. Let u be r(q). Let l(m) = -m**3 + 8*m**2 - 7*m + 5. Det